hat is the remainder when 312 is divided by 113?
86
Calculate the remainder when 753 is divided by 41.
15
What is the remainder when 59 is divided by 22?
15
What is the remainder when 402 is divided by 400?
2
What is the remainder when 9635 is divided by 146?
145
Calculate the remainder when 15890 is divided by 55.
50
Calculate the remainder when 57 is divided by 20.
17
What is the remainder when 6 is divided by 3?
0
Calculate the remainder when 3262 is divided by 46.
42
What is the remainder when 945 is divided by 467?
11
What is the remainder when 1229 is divided by 45?
14
What is the remainder when 665 is divided by 139?
109
What is the remainder when 10533 is divided by 35?
33
What is the remainder when 2191 is divided by 51?
49
What is the remainder when 62 is divided by 16?
14
Calculate the remainder when 885 is divided by 181.
161
What is the remainder when 159 is divided by 24?
15
What is the remainder when 1954 is divided by 27?
10
What is the remainder when 1103 is divided by 10?
3
What is the remainder when 974 is divided by 32?
14
Calculate the remainder when 898 is divided by 25.
23
What is the remainder when 1338 is divided by 439?
21
Calculate the remainder when 192 is divided by 12.
0
Calculate the remainder when 191 is divided by 134.
57
Calculate the remainder when 5223 is divided by 13.
10
Calculate the remainder when 147 is divided by 38.
33
Calculate the remainder when 932 is divided by 131.
15
Calculate the remainder when 676 is divided by 222.
10
What is the remainder when 58 is divided by 23?
12
Calculate the remainder when 773 is divided by 765.
8
Calculate the remainder when 15366 is divided by 121.
120
What is the remainder when 85 is divided by 23?
16
Calculate the remainder when 254 is divided by 45.
29
What is the remainder when 94 is divided by 28?
10
What is the remainder when 53 is divided by 35?
18
Calculate the remainder when 115 is divided by 51.
13
What is the remainder when 56 is divided by 15?
11
What is the remainder when 4580 is divided by 36?
8
What is the remainder when 977 is divided by 484?
9
Calculate the remainder when 1206 is divided by 529.
148
Calculate the remainder when 217 is divided by 32.
25
What is the remainder when 648 is divided by 82?
74
Calculate the remainder when 153 is divided by 52.
49
Calculate the remainder when 1458 is divided by 181.
10
Calculate the remainder when 857 is divided by 17.
7
Calculate the remainder when 226 is divided by 39.
31
What is the remainder when 125 is divided by 72?
53
Calculate the remainder when 90 is divided by 16.
10
What is the remainder when 51 is divided by 28?
23
Calculate the remainder when 25575 is divided by 21.
18
Calculate the remainder when 798 is divided by 361.
76
Calculate the remainder when 1846 is divided by 595.
61
What is the remainder when 398 is divided by 62?
26
Calculate the remainder when 17 is divided by 16.
1
Calculate the remainder when 1214 is divided by 38.
36
What is the remainder when 3226 is divided by 162?
148
What is the remainder when 357 is divided by 36?
33
What is the remainder when 671 is divided by 134?
1
Calculate the remainder when 42 is divided by 14.
0
Calculate the remainder when 1756 is divided by 436.
12
Calculate the remainder when 8382 is divided by 13.
10
What is the remainder when 419 is divided by 29?
13
What is the remainder when 253 is divided by 14?
1
What is the remainder when 762 is divided by 36?
6
What is the remainder when 607 is divided by 98?
19
What is the remainder when 39117 is divided by 48?
45
Calculate the remainder when 339 is divided by 38.
35
Calculate the remainder when 377 is divided by 137.
103
Calculate the remainder when 202 is divided by 107.
95
What is the remainder when 8360 is divided by 123?
119
Calculate the remainder when 494 is divided by 118.
22
Calculate the remainder when 8319 is divided by 80.
79
Calculate the remainder when 6879 is divided by 2292.
3
Calculate the remainder when 728 is divided by 30.
8
What is the remainder when 904 is divided by 98?
22
Calculate the remainder when 2886 is divided by 152.
150
What is the remainder when 1101 is divided by 29?
28
Calculate the remainder when 405 is divided by 195.
15
Calculate the remainder when 419 is divided by 47.
43
What is the remainder when 720 is divided by 139?
25
What is the remainder when 143 is divided by 48?
47
Calculate the remainder when 1030 is divided by 31.
7
Calculate the remainder when 49 is divided by 26.
23
What is the remainder when 283 is divided by 118?
47
What is the remainder when 533 is divided by 110?
93
Calculate the remainder when 276 is divided by 271.
5
What is the remainder when 174 is divided by 22?
20
Calculate the remainder when 849 is divided by 12.
9
What is the remainder when 30 is divided by 5?
0
What is the remainder when 35 is divided by 20?
15
What is the remainder when 107 is divided by 38?
31
What is the remainder when 5684 is divided by 72?
68
What is the remainder when 2847 is divided by 92?
87
Calculate the remainder when 2013 is divided by 225.
213
What is the remainder when 194 is divided by 33?
29
Calculate the remainder when 622 is divided by 48.
46
What is the remainder when 775 is divided by 51?
10
Calculate the remainder when 129 is divided by 126.
3
What is the remainder when 4461 is divided by 23?
22
Calculate the remainder when 2298 is divided by 212.
178
Calculate the remainder when 227 is divided by 225.
2
Calculate the remainder when 610 is divided by 68.
66
Calculate the remainder when 500 is divided by 19.
6
Calculate the remainder when 240 is divided by 3.
0
Calculate the remainder when 1439 is divided by 119.
11
Calculate the remainder when 5 is divided by 3.
2
Calculate the remainder when 146 is divided by 44.
14
What is the remainder when 1493 is divided by 26?
11
What is the remainder when 161 is divided by 36?
17
What is the remainder when 50 is divided by 6?
2
What is the remainder when 18629 is divided by 54?
53
Calculate the remainder when 135 is divided by 6.
3
Calculate the remainder when 13278 is divided by 8.
6
What is the remainder when 399 is divided by 10?
9
What is the remainder when 208 is divided by 133?
75
Calculate the remainder when 245 is divided by 2.
1
Calculate the remainder when 119 is divided by 63.
56
What is the remainder when 176 is divided by 6?
2
Calculate the remainder when 1125 is divided by 141.
138
Calculate the remainder when 2698 is divided by 159.
154
Calculate the remainder when 10481 is divided by 76.
69
Calculate the remainder when 323 is divided by 47.
41
What is the remainder when 538 is divided by 49?
48
What is the remainder when 2181 is divided by 12?
9
Calculate the remainder when 2958 is divided by 6.
0
What is the remainder when 252 is divided by 19?
5
What is the remainder when 457 is divided by 449?
8
What is the remainder when 9343 is divided by 64?
63
What is the remainder when 4866 is divided by 87?
81
Calculate the remainder when 2187 is divided by 156.
3
What is the remainder when 3386 is divided by 14?
12
Calculate the remainder when 479 is divided by 92.
19
Calculate the remainder when 11317 is divided by 19.
12
What is the remainder when 2662 is divided by 127?
122
Calculate the remainder when 84 is divided by 18.
12
What is the remainder when 94 is divided by 14?
10
What is the remainder when 4723 is divided by 135?
133
Calculate the remainder when 197 is divided by 66.
65
What is the remainder when 91 is divided by 57?
34
Calculate the remainder when 91 is divided by 48.
43
Calculate the remainder when 33 is divided by 13.
7
Calculate the remainder when 884 is divided by 15.
14
Calculate the remainder when 10301 is divided by 102.
101
What is the remainder when 210 is divided by 88?
34
Calculate the remainder when 105 is divided by 22.
17
What is the remainder when 46 is divided by 37?
9
Calculate the remainder when 31 is divided by 8.
7
Calculate the remainder when 4315 is divided by 270.
265
What is the remainder when 6755 is divided by 89?
80
Calculate the remainder when 1794 is divided by 888.
18
Calculate the remainder when 294 is divided by 10.
4
What is the remainder when 625 is divided by 79?
72
Calculate the remainder when 664 is divided by 648.
16
What is the remainder when 15